/44. Suppose -68*o + 70*o = i. What is the tens digit of o?
8
Suppose 0 = -4*m - 3*h + 12 - 2, -5*h - 30 = -5*m. Suppose 0 = 3*f - m*f + 4, 2*f + 760 = 4*a. What is the units digit of a?
2
Suppose -5 = -2*g + 1. Let d = 19 + g. Suppose 2*t - 90 + d = 0. What is the units digit of t?
4
Suppose -3*a - 17 + 2 = 3*f, -10 = 3*f + 2*a. Suppose i + f*i - 133 = r, 0 = -2*i - 2*r + 282. What is the tens digit of i?
3
Suppose -i + 15 = -4*i, -2*p + 26 = -2*i. What is the tens digit of 2*((-6)/5)/(p/(-170))?
5
Let v(g) = -g**2 + g + 7. Let y be v(6). Let h = -67 - y. What is the units digit of (-2)/(2 - h/(-20))?
0
Suppose 8*s + 4200 = 12*s. Suppose 0 = 11*w - 4*w - s. What is the tens digit of w?
5
Let k(f) = -f**3 + 13*f**2 - 22*f. What is the units digit of k(9)?
6
Let b(n) = 357*n**2 + 16*n - 38. What is the tens digit of b(2)?
2
Let z(b) = 2 + 3*b**2 - 5 + 1 - 2*b - 1. Let k be z(2). Suppose 2*d - 96 = -k*v, d - 7*v + 2*v - 63 = 0. What is the units digit of d?
3
Suppose -s + 4 = 0, 12 = -3*m - 0*m + 3*s. What is the hundreds digit of -1 - (m + (-474)/(-9))*-3?
1
Suppose 10 = 5*v - 25. Let l(i) = -2 - 4 + 2*i + v + 5. What is the tens digit of l(8)?
2
Suppose 16 = 4*x - 2*x - 5*f, -2*x + 4*f = -14. What is the units digit of (-106)/(-2) + (-12)/x?
9
Let l be (-1)/3 + (-850)/15. Let c = l + 206. What is the units digit of c?
9
Let j(w) be the first derivative of w**3/3 - w**2 + 2*w - 6. What is the tens digit of j(6)?
2
Let z = -3 + -8. Let j(t) = t**2 + 7*t + 4. What is the units digit of j(z)?
8
Suppose -595 = 28*y - 33*y. Let v = -85 + y. What is the tens digit of v?
3
Let r be (-7128)/(-21) - (-4)/7. Suppose 5*o - 5*g = r, -2*o - 6*g + 121 = -5*g. What is the units digit of o?
3
Let x(z) = -z**2 - 10*z - 20. Suppose 5*d = 9*d + 28. What is the units digit of x(d)?
1
Let j be 2*1*(-1 - -2). Let t(m) = -8*m - 64. Let o be t(-8). Suppose -j*r = -2*p - o*r + 36, 0 = 2*r - 10. What is the units digit of p?
3
Let f(p) = p**2 + 4*p - 6. Suppose 26 = 3*h + 8. Let y be (18/4)/(h/(-8)). What is the units digit of f(y)?
6
Let g(w) = -w**3 - w**2 - w - 2. Let u be g(-2). Suppose -3*a + 8 = -u. Suppose -2*b + 7*v = 3*v, b = a*v - 2. What is the units digit of b?
2
Let i be ((-2688)/105)/(2/(-35)). Let g = i - 271. What is the tens digit of g?
7
Let u = -61 - -221. Suppose -2*h + u = 2*z, -z - z - h = -155. What is the units digit of z?
5
Suppose -2*y - 4*j + 3138 = 0, 2*y - 3*j - 2889 - 256 = 0. What is the tens digit of y?
7
Let l be (-2 - 2/4) + (-2)/(-4). Let p(c) = 23*c**2 + c + 5. What is the tens digit of p(l)?
9
Suppose 0*k + 4*k = -372. What is the hundreds digit of -1*16/2*k/6?
1
Let l = 221 + -355. Let y = 189 + l. What is the tens digit of y?
5
Let b(z) = -2*z**2 - 12*z - 12. Let d be b(-14). Let w = 356 + d. Suppose 2*f = -3*l + 100, l - 4*l - w = -3*f. What is the units digit of f?
4
Suppose 5*k + 26 = -3*w, -40 = -2*w + 7*w + 5*k. Let t(g) = -12*g - 4. Let x be t(w). Suppose 3*f = z + 60, 3*f + 5*z - x = -2*f. What is the tens digit of f?
1
Let v(o) = -o**3 - 5*o**2 - o - 4. Let l be v(-5). Let g(s) = 11*s**3 - 2*s**2 + s. Let w be g(l). Let m = 14 - w. What is the units digit of m?
4
Suppose 7*w = 1742 + 1324. What is the tens digit of w?
3
Let x = 1 + 1. Suppose c + 0*c + 5*b - 51 = 0, -2*c + 72 = 4*b. Suppose -i + 5*f = -c, x = -2*f - 8. What is the units digit of i?
1
Let m(b) = b**2 + 5*b - 9. Let r be m(-7). Suppose -2*s - 50 = -5*u, 18 + 32 = r*u + 2*s. What is the units digit of u?
0
Let d(r) = -7*r**2 - r**3 - 11*r - 2*r + 3*r + 5*r + 11. What is the hundreds digit of d(-8)?
1
Suppose -24*v + 25*v - 5 = 0. Let p = 4 - 6. Let y = v - p. What is the units digit of y?
7
Suppose -9*b + 605 - 65 = 0. What is the tens digit of b?
6
Let u = -34 - -38. Suppose 0*r - u*r + 3*n = -92, -r - 3*n + 23 = 0. Let c = r - -37. What is the tens digit of c?
6
Let h(g) = g**2 - 5*g - 6. Let q be h(9). Let f = q + -19. What is the units digit of f?
1
Suppose -5169 = 2*k - 5*k. What is the tens digit of k?
2
Let g = 865 - 615. What is the units digit of g?
0
Let c(z) = z + 6. Let j be c(-10). Let b = j + 12. What is the units digit of b?
8
Suppose 4*w - 7*r - 14 = -5*r, -22 = 3*w + 5*r. Suppose -55 = -9*i + 8. Let k = i + w. What is the units digit of k?
8
Suppose -4*h - h - 4*o = -12594, 12622 = 5*h - 3*o. What is the hundreds digit of h?
5
Let r = -576 - -1060. What is the tens digit of r?
8
Let q = -850 - -6073. What is the hundreds digit of q?
2
Let c(r) = 2*r + 13. Let q be c(-10). Let i(j) = -4*j + 9. What is the units digit of i(q)?
7
Let g = -14 - -14. Let o(i) = -2*i**2 + 17. Let a be o(g). Suppose -4*v + a = -15. What is the units digit of v?
8
What is the units digit of (7/(-14))/((-1)/706)?
3
What is the tens digit of 820/(-2)*(-18)/15?
9
Let n(r) = 2*r**2 - 3*r. Let s be n(2). Suppose -4*u - 332 = -4*j, s*j = 2*u + u + 162. What is the units digit of j?
7
Suppose 9 = d - 1396. What is the hundreds digit of d?
4
Suppose 3*f + 12 = -3*n, -20 = 5*n - 0*n + f. What is the units digit of (n/8)/((-1)/150)?
5
Let c = 52 + -7. Let k be 16/4*31/(-4). Let a = k + c. What is the tens digit of a?
1
Let r = -45 + 40. What is the hundreds digit of r*(-3)/15*134?
1
Suppose 5*a + 15094 = 4*m + 3*a, -5*a = -5*m + 18865. What is the tens digit of m?
7
Suppose -282 + 2040 = h. What is the units digit of h?
8
Let g be (-2)/((-42)/(-40) - 1). Let o be (-2)/16 - 845/g. Let s = o + -14. What is the units digit of s?
7
Let g(m) be the third derivative of -m**6/120 + m**5/30 + m**4/24 + 26*m**3 + m**2. What is the hundreds digit of g(0)?
1
Let l = -8 + 8. Let x be l + -17 + (4 - 2). What is the tens digit of 62*(3 + x/6)?
3
What is the tens digit of -239*10*(0 - (-28)/(-35))?
1
Let q = -13 - -11. Let f(l) = -l - 16. Let h be f(-17). What is the tens digit of (5 + h)*(-7)/q?
2
Let h(v) = v**3 + 48*v**2 - 5*v + 120. What is the units digit of h(-46)?
2
Let v(k) = -14*k + 12. What is the units digit of v(-15)?
2
Let o = 37 - 40. What is the tens digit of (-129)/(o - 1 - -3)?
2
What is the units digit of 9/(5*(-6)/(-1650))?
5
Suppose -4*n = 2*a - 394, -2*a + a = -n + 106. Let z = 9 + -7. Suppose -n + 23 = -z*l. What is the units digit of l?
9
Let v = 47 + -47. Let i(j) = j**3 + 2*j**2 - j + 2. Let h be i(-2). Suppose v*m = h*m - 120. What is the tens digit of m?
3
Suppose d = 4*z - 14, -20 = -3*z - d - 6. Suppose 5*q = -z*w + 639, -2 + 1 = q. What is the units digit of w?
1
Let r = 128 + -12. Suppose -48 - r = -4*x - 2*g, -x + 4*g = -41. What is the tens digit of x?
4
Let r = -799 + 1537. Suppose 0 = 2*i - 8*i + r. What is the hundreds digit of i?
1
Suppose -165645 = -903*s + 876*s. What is the tens digit of s?
3
Suppose 15*y = 16*y. Suppose n + 2 = -0, y = 3*u - 2*n + 80. Let k = u + 51. What is the units digit of k?
3
Let q = 4 - 2. Suppose -q*u = 3*k + 2 - 4, -4*k + 6 = u. Suppose l = k*l - 28. What is the tens digit of l?
2
Suppose -2*s = m - 30, -60 = -0*s - 4*s + 4*m. Suppose s + 3 = 2*p. Suppose 99 = 5*c + p. What is the units digit of c?
8
Suppose -20*a + a = -3629. What is the tens digit of a?
9
Let f be (6/(-9))/(1/(-3)). Let t(z) = 14*z + 38. Let m be t(5). Suppose -f*v + m = 4*v. What is the tens digit of v?
1
Suppose 4*o - 2336 = -k + 2973, -k = -1. What is the hundreds digit of o?
3
Suppose -5*m - 33 = 4*p, -4*m + p = -7 + 25. Let t(f) = -17*f - 6. What is the tens digit of t(m)?
7
Suppose 0 = -5*f + 4*t + 1647, 2*f - 12*t = -9*t + 663. What is the units digit of f?
7
Let o(h) = h**2 - 20*h + 35. Let i(z) = -1. Let r(w) = -6*i(w) - o(w). What is the tens digit of r(17)?
2
Suppose -843 = -4*q - 183. What is the units digit of q?
5
Let q(u) = -u**2 - 6*u - 6. Suppose c = 3*h + 2*c + 13, c + 1 = 0. Let m be q(h). What is the tens digit of (-5)/(-10)*92/m?
2
Let y be (-4)/18 + (129/(-27) - -4). Let i = 38 + y. What is the tens digit of i?
3
Suppose -3*l - 3*t + 12729 = 0, 0 = 59*l - 57*l - 5*t - 8493. What is the hundreds digit of l?
2
Let y(n) = n**2 - 17*n + 20. What is the units digit of y(-17)?
8
Let a = -1104 + 780. What is the units digit of (-30)/(-6)*(-2 + a/(-15))?
8
Let d(a) = 22*a**2 - 10*a - 37. What is the hundreds digit of d(-5)?
5
Let m(q) = -q**2 + 29*q - 20. Let u be m(21). Suppose -j + 54 = -3*p - u, -j - 3*p + 172 = 0. What is the tens digi